rs of 2412?
2, 3, 67
What are the prime factors of 12140?
2, 5, 607
List the prime factors of 3733.
3733
What are the prime factors of 334?
2, 167
What are the prime factors of 10328?
2, 1291
What are the prime factors of 534?
2, 3, 89
What are the prime factors of 1540?
2, 5, 7, 11
What are the prime factors of 37905?
3, 5, 7, 19
List the prime factors of 4757.
67, 71
List the prime factors of 7077.
3, 7, 337
What are the prime factors of 5506?
2, 2753
List the prime factors of 125694.
2, 3, 6983
List the prime factors of 51007.
11, 4637
List the prime factors of 58069.
11, 5279
What are the prime factors of 8617?
7, 1231
List the prime factors of 10849.
19, 571
What are the prime factors of 952?
2, 7, 17
What are the prime factors of 15192?
2, 3, 211
What are the prime factors of 266?
2, 7, 19
What are the prime factors of 611?
13, 47
What are the prime factors of 701?
701
List the prime factors of 86.
2, 43
List the prime factors of 3956.
2, 23, 43
What are the prime factors of 929?
929
List the prime factors of 1508.
2, 13, 29
List the prime factors of 242.
2, 11
List the prime factors of 562.
2, 281
What are the prime factors of 9997?
13, 769
What are the prime factors of 2238?
2, 3, 373
What are the prime factors of 3011?
3011
What are the prime factors of 397?
397
What are the prime factors of 11710?
2, 5, 1171
List the prime factors of 2616.
2, 3, 109
List the prime factors of 6321.
3, 7, 43
List the prime factors of 6001.
17, 353
What are the prime factors of 125?
5
What are the prime factors of 27370?
2, 5, 7, 17, 23
List the prime factors of 4352.
2, 17
List the prime factors of 4575.
3, 5, 61
What are the prime factors of 6217?
6217
List the prime factors of 11918.
2, 59, 101
List the prime factors of 9965.
5, 1993
List the prime factors of 194335.
5, 38867
What are the prime factors of 1896?
2, 3, 79
List the prime factors of 22104.
2, 3, 307
What are the prime factors of 33648?
2, 3, 701
What are the prime factors of 37461?
3, 12487
What are the prime factors of 229?
229
What are the prime factors of 4052?
2, 1013
List the prime factors of 1117.
1117
List the prime factors of 23683.
11, 2153
What are the prime factors of 8719?
8719
What are the prime factors of 1289?
1289
List the prime factors of 819.
3, 7, 13
List the prime factors of 2327.
13, 179
List the prime factors of 2221.
2221
List the prime factors of 778.
2, 389
What are the prime factors of 68391?
3, 17, 149
List the prime factors of 51766.
2, 11, 13, 181
What are the prime factors of 12073?
12073
What are the prime factors of 1146?
2, 3, 191
What are the prime factors of 7538?
2, 3769
List the prime factors of 12222.
2, 3, 7, 97
List the prime factors of 28310.
2, 5, 19, 149
List the prime factors of 5677.
7, 811
List the prime factors of 5101.
5101
List the prime factors of 2461.
23, 107
What are the prime factors of 13644?
2, 3, 379
What are the prime factors of 4055?
5, 811
What are the prime factors of 6798?
2, 3, 11, 103
List the prime factors of 2044.
2, 7, 73
What are the prime factors of 331?
331
What are the prime factors of 42541?
19, 2239
What are the prime factors of 8166?
2, 3, 1361
List the prime factors of 2240.
2, 5, 7
List the prime factors of 13225.
5, 23
List the prime factors of 89798.
2, 59, 761
List the prime factors of 561.
3, 11, 17
List the prime factors of 10728.
2, 3, 149
List the prime factors of 7369.
7369
List the prime factors of 9886.
2, 4943
What are the prime factors of 5267?
23, 229
What are the prime factors of 174100?
2, 5, 1741
List the prime factors of 56591.
56591
List the prime factors of 156.
2, 3, 13
List the prime factors of 2194.
2, 1097
List the prime factors of 1193.
1193
List the prime factors of 28148.
2, 31, 227
What are the prime factors of 13065?
3, 5, 13, 67
List the prime factors of 10871.
7, 1553
List the prime factors of 3083.
3083
What are the prime factors of 42072?
2, 3, 1753
List the prime factors of 581.
7, 83
List the prime factors of 13485.
3, 5, 29, 31
What are the prime factors of 2103?
3, 701
What are the prime factors of 20080?
2, 5, 251
List the prime factors of 654.
2, 3, 109
What are the prime factors of 3216?
2, 3, 67
What are the prime factors of 3561?
3, 1187
List the prime factors of 1252.
2, 313
List the prime factors of 291.
3, 97
List the prime factors of 5691.
3, 7, 271
List the prime factors of 5063.
61, 83
What are the prime factors of 422?
2, 211
List the prime factors of 19438.
2, 9719
What are the prime factors of 12910?
2, 5, 1291
List the prime factors of 5988.
2, 3, 499
List the prime factors of 2336.
2, 73
What are the prime factors of 20771?
20771
What are the prime factors of 31026?
2, 3, 5171
List the prime factors of 2525.
5, 101
List the prime factors of 8383.
83, 101
List the prime factors of 1157.
13, 89
List the prime factors of 522.
2, 3, 29
List the prime factors of 957.
3, 11, 29
What are the prime factors of 14810?
2, 5, 1481
What are the prime factors of 71957?
47, 1531
List the prime factors of 22826.
2, 101, 113
What are the prime factors of 609?
3, 7, 29
List the prime factors of 74490.
2, 3, 5, 13, 191
List the prime factors of 1355.
5, 271
List the prime factors of 39589.
11, 59, 61
List the prime factors of 1028.
2, 257
List the prime factors of 377.
13, 29
What are the prime factors of 919?
919
What are the prime factors of 1175?
5, 47
List the prime factors of 1317.
3, 439
List the prime factors of 471.
3, 157
What are the prime factors of 23432?
2, 29, 101
What are the prime factors of 38161?
31, 1231
What are the prime factors of 16382?
2, 8191
What are the prime factors of 17666?
2, 11, 73
What are the prime factors of 18369?
3, 13, 157
List the prime factors of 1187.
1187
List the prime factors of 2042.
2, 1021
List the prime factors of 20011.
20011
What are the prime factors of 1250?
2, 5
What are the prime factors of 2075?
5, 83
What are the prime factors of 33959?
29, 1171
List the prime factors of 2356.
2, 19, 31
What are the prime factors of 109?
109
What are the prime factors of 2705?
5, 541
What are the prime factors of 55893?
3, 31, 601
List the prime factors of 9070.
2, 5, 907
List the prime factors of 27790.
2, 5, 7, 397
What are the prime factors of 80583?
3, 26861
List the prime factors of 3600.
2, 3, 5
List the prime factors of 8326.
2, 23, 181
List the prime factors of 1277.
1277
List the prime factors of 71005.
5, 11, 1291
List the prime factors of 3625.
5, 29
List the prime factors of 87548.
2, 43, 509
What are the prime factors of 5418?
2, 3, 7, 43
List the prime factors of 3500.
2, 5, 7
What are the prime factors of 100360?
2, 5, 13, 193
List the prime factors of 3631.
3631
What are the prime factors of 3395?
5, 7, 97
What are the prime factors of 459?
3, 17
List the prime factors of 11440.
2, 5, 11, 13
What are the prime factors of 86695?
5, 7, 2477
What are the prime factors of 41155?
5, 8231
List the prime factors of 122040.
2, 3, 5, 113
What are the prime factors of 382?
2, 191
List the prime factors of 5146.
2, 31, 83
What are the prime factors of 8899?
11, 809
List the prime factors of 13213.
73, 181
What are the prime factors of 8190?
2, 3, 5, 7, 13
List the prime factors of 57275.
5, 29, 79
What are the prime factors of 27328?
2, 7, 61
List the prime factors of 3146.
2, 11, 13
What are the prime factors of 4612?
2, 1153
What are the prime factors of 18626?
2, 67, 139
What are the prime factors of 17696?
2, 7, 79
What are the prime factors of 29168?
2, 1823
List the prime factors of 5033.
7, 719
What are the prime factors of 5362?
2, 7, 383
List the prime factors of 3414.
2, 3, 569
What are the prime factors of 20524?
2, 7, 733
What are the prime factors of 5292?
2, 3, 7
List the prime factors of 32.
2
What are the prime factors of 3477?
3, 19, 61
What are the prime factors of 4636?
2, 19, 61
What are the prime factors of 6677?
11, 607
What are the prime factors of 3740?
2, 5, 11, 17
What are the prime factors of 29968?
2, 1873
List the prime factors of 15320.
2, 5, 383
What are the prime factors of 265?
5, 53
List the prime factors of 15939.
3, 7, 11, 23
List the prime factors of 813.
3, 271
What are the prime factors of 89426?
2, 61, 733
What are the prime factors of 13142?
2, 6571
What are the prime factors of 37789?
23, 31